(h). Calculate g(c).
0
Suppose 0 + 4 = 2*f. Let y(r) = 2*r + 2*r + 2*r + r**f - 1 + 0. Give y(-5).
-6
Suppose -24*q - 51*q - 300 = 0. Let g(y) = y**3 + 3*y**2 - 7*y - 11. Give g(q).
1
Let k = -4 - -6. Let d(x) = 3*x**2 - 3 + 3*x**k + 2*x**2 - 9*x + 14*x. Let l(h) = -7*h**2 - 4*h + 2. Let w(t) = -3*d(t) - 4*l(t). What is w(-1)?
4
Let x(a) = 4*a**3 - 6*a**2 - a - 7*a**3 + 3*a**3 - a**3 + 2. Let v(o) = -o + 4. Let d be v(10). What is x(d)?
8
Suppose 297*k = 165*k + 199 - 67. Let l(y) be the first derivative of 3*y**2/2 + y - 1. Determine l(k).
4
Suppose 3*r = 2*r + 12. Suppose -3*c + 12 = 3*d, -5*d = -c + 4*c - r. Suppose -j + d = -7. Let h(x) = x**3 - 6*x**2 - 6*x - 2. What is h(j)?
5
Let q(x) be the first derivative of -2*x**2 + 23 - 2*x - 1/3*x**3. Give q(-4).
-2
Let z = -30 + 47. Suppose 8 = 4*a - 5*s - 11, -z = -2*a - 5*s. Let k(n) = n - 3. Let w(m) = 1. Let g(d) = k(d) - 4*w(d). Determine g(a).
-1
Suppose 5*p + 2*l = 2, -7*l = -5*l + 8. Let j(o) = -3*o + 1. Calculate j(p).
-5
Let q(u) be the third derivative of -u**6/240 - u**5/120 + 17*u**4/24 - 20*u**2. Let p(x) be the second derivative of q(x). Give p(-1).
2
Let w be 4/(-7)*(-14)/4*1. Let v(g) be the second derivative of -g**3/3 + g**2/2 + 3*g. Let o(b) = b. Let c(i) = w*v(i) + 5*o(i). Determine c(-6).
-4
Let z = -1 + 0. Let t(m) = m**2 + 96*m - 94*m + 1 + 0. Calculate t(z).
0
Suppose 5*t + 450 = -3*f + 7, -2*f - 178 = 2*t. Let p = t - -81. Let v(l) = -3*l - 9. Give v(p).
12
Let i(d) be the second derivative of d**3 + 2*d**2 - 60*d. What is i(-2)?
-8
Let n(j) = 2*j + 1. Let o = 34 + -22. Let w be (-10)/6 - 4/o. Let r(d) = -2*d - 2. Let m be r(w). What is n(m)?
5
Let f be ((-3)/4 + -2)/((-9)/(-36)). Let k(x) = -x**3 - 12*x**2 - 13*x - 14. Give k(f).
8
Let b(f) = -4*f + 49. Suppose 53 = 5*t + 3*v, -4*v + 6*v = -4*t + 42. What is b(t)?
9
Let o(y) = -y + 6. Let w(q) = 2*q**2 - 3*q - 5. Let v(f) = f**2 - 9*f - 12. Let g be v(10). Let n be w(g). Give o(n).
-3
Let v(g) = -25*g**2 - 2*g + 3. Let x be v(1). Let o be ((-6)/9)/((-4)/x). Let n(b) = b**2 + 7*b + 5. Determine n(o).
-7
Let f(m) = m + 8. Let q be f(-7). Let c(h) = 3*h**2 + h**3 + 3 + 3*h + 1 - 1 - q. Suppose 3*v + 4*n = -0*v + 10, v - 18 = -5*n. Calculate c(v).
0
Let z = -34 + 41. Let h(t) = -1 + z*t - 6*t + 3 + 1. Determine h(-3).
0
Suppose 33 = -3*x + 3*v, 2*x - 8 = 12*v - 16*v. Let p(y) = -y**3 - y**2 + 1. Let s(b) = 7*b**3 + 11*b**2 - 10*b - 15. Let l(r) = -6*p(r) - s(r). Calculate l(x).
-15
Let i(d) = d**2 + 3*d - 5. Let g = -166 + 171. Determine i(g).
35
Let n(a) = 3*a - 1. Suppose -4*g + 74 = -2*v, 2*g + 4*v = 8*v + 22. Let t = 20 - g. Calculate n(t).
-4
Let i be (0 + (-6)/(-6))*10/2. Let m = 4 + -2. Let l(p) = -m*p + i - 9 - p. What is l(-3)?
5
Let h be 20/16 - (-3)/(-12) - -2. Let i(s) be the first derivative of 1/3*s**h - 2*s**2 - 1 + 5*s. What is i(4)?
5
Let d(h) = -2 - 1 + 3*h + 2*h**2 - h**2. Let b = 748 - 751. Calculate d(b).
-3
Let t(z) = 2*z + 5. Suppose 4*o - 4 - 8 = 0. Calculate t(o).
11
Let d(k) = k**3 + 1490 - 4*k**2 - 1490 + 2*k. Calculate d(1).
-1
Suppose -2*h - 3*c - 4 = 0, -7 + 1 = 3*h - c. Let l(s) = 2*s**3 + 2*s**2 - 2*s - 1. Give l(h).
-5
Suppose -4*k + 9 = -m, 10*m - k = 11*m - 11. Let j(t) = 3*t - 22. Calculate j(m).
-1
Let r(p) = -9*p**3 + p**2 - 4*p + 3. Let f(k) = k**2 - 4*k + 1. Let a be f(4). Calculate r(a).
-9
Let d = -18 - -18. Let n be 96/9 - 1/(-3). Suppose 2*w + d*o + n = o, -19 = -2*w - 5*o. Let l(f) = -f**2 - f + 3. Give l(w).
-3
Suppose 0 = -14*d + 37*d - 230. Let k(s) = s**3 - 9*s**2 - 14*s + 11. Determine k(d).
-29
Let f(c) be the first derivative of 11*c**2/2 - 2*c - 157. Give f(2).
20
Suppose 11 = 4*a + 3*l, -4 + 14 = 4*a + 2*l. Let g(p) = 7*p**3 + p**2 + 1. Let r(s) = -31*s**3 - 6*s**2 - 4. Let q(z) = -9*g(z) - 2*r(z). Determine q(a).
3
Suppose 3*d + 0*t + 3*t - 9 = 0, -t = 3*d - 15. Suppose -q - 19 = -3*r, d*q + 5*r + 25 = 2*q. Let x = q - -12. Let c(m) = 6*m - 1. Determine c(x).
11
Let o(w) be the first derivative of w**3/3 - 7*w**2/2 + 10*w - 16. Let k = -60 - -67. What is o(k)?
10
Let a(o) = 11198*o**2 - 11207*o**2 - 4 + 10*o - o**3 + 2. Calculate a(-10).
-2
Let a(g) = -g**3 - 9*g**2 + 5. Let p be a(-9). Let i be (12/30)/(3/30). Let j(z) = -2471*z + 2472*z + 5 - i. Determine j(p).
6
Let c(i) = -i - 13. Let b be 5*8/20 + 1. Suppose 3*v + 21 = 4*h + 2*v, -3*h - b*v + 27 = 0. Suppose 2 + h = -u. What is c(u)?
-5
Let m(x) = -7*x**2 + 14*x + 14. Let v(o) be the second derivative of -o**4/6 + 5*o**3/6 + 5*o**2/2 + 7*o. Let r(i) = -5*m(i) + 14*v(i). Determine r(-1).
7
Suppose 2*w - 24 = o + o, 0 = 3*w - 9. Let m = o - -15. Let p(j) = -j**3 + 5*j**2 + 6*j + 4. Determine p(m).
4
Let k(j) = -3*j - 3. Let y be -1 + 2 - (4 - 7). Let v be ((-6)/(-4))/(2/y). Let n(b) = b + 1. Let s(o) = v*k(o) + 8*n(o). Calculate s(5).
-6
Suppose 4*i + k + 61 = 0, 0 = 5*i - 342*k + 338*k + 71. Let t(z) = 2*z**2 + 28*z - 27. Give t(i).
3
Let d(f) be the first derivative of -f**4/4 - 2*f**3 - 3*f**2/2 - 14*f + 649. Determine d(-6).
4
Suppose -7*i = -16 + 30. Let m be (i/6)/((-8)/16)*6. Let x(t) = t**3 - 4*t**2 - t + 1. What is x(m)?
-3
Let d be (-111)/(-21) - (-6)/(-21). Let p(g) = -2*g**2 + 9*g + 8. What is p(d)?
3
Let j(b) = b**2 - 6*b + 4. Suppose -g = -0*l + 2*l - 5, 0 = 5*l - 5*g + 10. Suppose -m - l = -10. Let z be ((-2)/7)/(m/(-189)). Determine j(z).
4
Let i(d) = d - 3. Let j be i(6). Let h(f) = -j - f**3 - f - 2 - 10. What is h(0)?
-15
Let g(w) = -2*w. Suppose 4*c + 0*k = -k + 30, -4*k - 32 = -3*c. Let n = -19 - c. Let p be (18/n)/((-2)/(-6)). What is g(p)?
4
Let z(f) be the second derivative of -41*f**5/20 - f**4/6 + f**2/2 - 140*f. Give z(-1).
40
Let i(j) = -2*j**2 + 8*j + 2. Let d be 24 - 4 - (-2 - -4). Suppose 0 = -y - 2*y + d. Determine i(y).
-22
Let n(k) be the third derivative of k**4/12 + k**3/6 + k**2. Let r be (-9)/(-12)*-6*-2. Let o = r - 6. Give n(o).
7
Let c(r) = -r**3 - 26*r**2 + 27*r - 8. Let b be c(-27). Let n(a) = 2*a + 9. Determine n(b).
-7
Let g(a) = -4*a + 3. Suppose 2*o - 5 + 3 = 0. Let u be g(o). Let k(s) = 11*s**3 + s**2. Give k(u).
-10
Let l(q) = 3*q + 3. Let h = -42 - -67. Let r = 27 - h. Let p be 2*(0 - (3 - r)). Determine l(p).
-3
Let x(i) = i**2 + 7*i + 5. Let a be -2*6/(-15)*(-15)/(-6). Suppose 12*n + 56 = -a*n. Give x(n).
-7
Let j(i) be the third derivative of 0*i + 7/24*i**4 + 6*i**2 - 1/60*i**5 + 1/6*i**3 + 0. What is j(6)?
7
Let p be 12/18 + 2/(-3). Suppose 4*w + 20 = -p. Let o(z) = -8*z + 5. Let d(g) = -7*g + 4. Let k(i) = 7*d(i) - 6*o(i). Give k(w).
3
Suppose 10 = -5*v, -3*h + 11 = -5*v - 11. Suppose h*c + 0 = -r + 3, -c - r = 3. Suppose -5 = 7*b - c*b. Let a(j) = 5*j**3 + j. What is a(b)?
-6
Let g be ((-32)/80)/((1 + -2)/185). Let r = g - 84. Let d(t) = t + 5. Calculate d(r).
-5
Let p(k) = k**2 - 7*k + 1. Let w(q) = -2*q**2 + 12*q - 3. Let d(b) = 5*p(b) + 3*w(b). What is d(-3)?
-16
Let m(v) = -2*v**3 + v + 1. Let u(a) = 9*a**3 - 4*a**2 + 4*a + 6. Let z(q) = 5*m(q) + u(q). Calculate z(-5).
-9
Let c(w) be the third derivative of w**5/60 + w**4/4 - 7*w**3 - 642*w**2. Determine c(-10).
-2
Let r(d) = -d**3 - 10*d**2 - d - 12. Suppose 3*j - 5*v = -4, 2*j + 0 - 6 = -v. Let l be (-30)/18 + j/(-6) - 8. Calculate r(l).
-2
Let j = 44 - 18. Suppose 29*x = j*x + 6. Let y(f) = -x - 8 + 4*f**2 + 11. Give y(-1).
5
Let l(r) = -2*r**3 + r**2 + 3. Let z(i) = -7*i**3 + 5*i**2 - 2*i + 14. Let h(m) = -5*l(m) + z(m). Give h(-2).
-21
Let h(u) = -7*u + 4. Let m be -5 - -10 - (0 + -1). Let n(y) = -13*y + 7. Let g(x) = m*n(x) - 11*h(x). Give g(-7).
5
Let k(v) be the third derivative of 0 + 15*v**2 - 1/24*v**4 + 0*v + 7/6*v**3. Determine k(-6).
13
Let u(x) be the second derivative of -x**3/3 + x**2 - 2*x. Let l(a) = -93*a - 184. Let r be l(-2). Determine u(r).
-2
Let j(v) be the second derivative of 2*v + 0 - 1/6*v**4 + 1/60*v**5 + 1/360*v**6 + 0*v**2 - 5/6*v**3. Let u(r) be the second derivative of j(r). What is u(-4)?
4
Let o(l) be the third derivative of -l**6/120 - l**4/24 - 5*l**2. Let z = 452 + -451. Determine o(z).
-2
Let l(a) = 4*a + 7. Let f(z) = -z - 2. Let j(p) = -5*f(p) - l(p). Calculate j(0).
3
Suppose -4 = -2*i + 2. Let j(g) be the first derivative of -g**2 + 4*g + 3. Give j(i).
-2
Let m(w) = -5*w**3 - 13 + 0*w**2 - 5 - w**2 + 17 - 2*w. Let d(p) = p + 2. Let b be d(-6). Let l = b + 3.